03
Convert 2688702 (base 11) to base 14.
88a377
What is -234136 (base 10) in base 7?
-1663420
What is 11031 (base 16) in base 11?
48397
Convert 1001010000110101100 (base 2) to base 8.
1120654
What is -a6586 (base 11) in base 8?
-456727
Convert 100332423 (base 5) to base 12.
17493a
Convert -112332221221 (base 4) to base 9.
-12301064
-bb7b32 (base 14) to base 10
-6360048
What is -10566044 (base 7) in base 10?
-924074
Convert -1203221304 (base 5) to base 7.
-32464030
Convert -33232000231 (base 4) to base 6.
-224152541
-1100101110010110101 (base 2) to base 11
-265295
Convert 146157 (base 10) to base 7.
1146054
2c791a (base 14) to base 6
53215140
What is -102046 (base 15) in base 14?
-15d31d
Convert 10100100000000010111110 (base 2) to base 4.
110200002332
-34343 (base 10) to base 12
-17a5b
What is -200220320103 (base 4) in base 16?
-828e13
What is 76839 (base 12) in base 6?
3205313
What is -100161 (base 8) in base 10?
-32881
Convert 30347667 (base 8) to base 9.
13050077
Convert 34b122 (base 13) to base 12.
50499b
Convert 22200100 (base 4) to base 10.
43024
-22525122 (base 6) to base 7
-5625350
What is -357713 (base 9) in base 15?
-43d59
-9aaa9 (base 15) to base 4
-1320010020
What is 22120120121 (base 3) in base 8?
511564
-100100010100111110100 (base 2) to base 16
-1229f4
614530 (base 7) to base 5
11324011
Convert -4681613 (base 9) to base 5.
-1122040043
What is -11411211 (base 6) in base 3?
-200020211221
Convert -37a0446 (base 11) to base 7.
-110001603
Convert -110001000100000100000 (base 2) to base 8.
-6104040
What is 11001110001001100 (base 2) in base 10?
105548
What is -313332232 (base 4) in base 3?
-102122112101
624a14a (base 11) to base 2
101010000011010010011101
What is 22123001 (base 5) in base 2?
101110111011111011
Convert -151177 (base 14) to base 4.
-2302330111
-6a61cb (base 13) to base 9
-4671211
3232033221 (base 4) to base 6
32525453
Convert 122021120 (base 4) to base 5.
11411341
What is -6575506 (base 8) in base 10?
-1768262
Convert -300324 (base 7) to base 2.
-1100010110011010
324496 (base 11) to base 7
4256135
10101101000101100010010 (base 2) to base 14
a78d34
What is -421d28 (base 14) in base 3?
-11012110201121
-2558 (base 15) to base 3
-101220202
-34c93 (base 14) to base 10
-128705
Convert -1833993 (base 11) to base 6.
-150345512
-2554077 (base 9) to base 6
-45513154
-4120000 (base 6) to base 16
-30180
Convert 10031230023 (base 4) to base 16.
10db0b
-11112021121021 (base 3) to base 9
-4467537
Convert -3411722 (base 12) to base 13.
-20b4126
Convert -110000001110110000010 (base 2) to base 5.
-401033133
Convert 110111000010101000011010 (base 2) to base 7.
233433114
12310211 (base 6) to base 12
172367
What is -10300012000 (base 4) in base 9?
-2307534
Convert -763a141 (base 11) to base 5.
-11414042012
What is -4044124422 (base 5) in base 10?
-8192487
What is 195a4 (base 15) in base 8?
240547
Convert 2ac86 (base 13) to base 12.
3b012
20002021200000 (base 3) to base 2
1100010101011101000001
Convert -1000011001010100001111 (base 2) to base 7.
-24464315
-15304104 (base 6) to base 5
-114144243
1430214444 (base 5) to base 14
6db4cb
What is 5134052 (base 6) in base 14?
65840
What is 851d0 (base 14) in base 8?
1163622
Convert 262036016 (base 7) to base 12.
5721348
What is 7148261 (base 10) in base 11?
404265a
-5731525 (base 9) to base 5
-1242411023
Convert 24dc9e (base 16) to base 10.
2415774
-15635 (base 14) to base 4
-31001233
Convert 5ec88 (base 16) to base 5.
44410412
What is 2b189ac (base 13) in base 16?
d25a29
What is -21042 (base 14) in base 10?
-79634
Convert 25534432 (base 7) to base 15.
30ec5a
9c362 (base 16) to base 9
1174625
101001100100110100100100 (base 2) to base 9
22451213
-531a7 (base 12) to base 2
-11010101001001111
-7212b1 (base 12) to base 3
-10100201011121
-1465871 (base 9) to base 7
-6616324
-334924 (base 12) to base 14
-173a0c
Convert -1102010012222 (base 3) to base 13.
-203687
What is -331143244 (base 6) in base 12?
-1ba4b24
What is -6171418 (base 9) in base 2?
-1100100100010111100100
7001c2 (base 15) to base 11
3001017
What is 5404005 (base 6) in base 5?
31442003
201101112211 (base 3) to base 7
3146506
Convert -7398555 (base 10) to base 6.
-422324323
What is -10101011101100011101000 (base 2) in base 10?
-5626088
Convert -652155 (base 7) to base 4.
-123233112
Convert 56841 (base 11) to base 15.
19554
What is 886221 (base 10) in base 4?
3120113031
Convert 21564 (base 7) to base 5.
133221
Convert -13121011122 (base 4) to base 16.
-1d915a
606b17 (base 15) to base 7
53630563
Convert 57838 (base 9) to base 6.
454355
1d015 (base 16) to base 11
81295
-625464 (base 8) to base 10
-207668
Convert 1c9138 (base 13) to base 8.
2631476
What is -1010101011100001110111 (base 2) in base 11?
-1642534
Convert -254335 (base 6) to base 7.
-124064
-1120097 (base 10) to base 8
-4213541
Convert -2bacd1 (base 15) to base 12.
-85a467
What is -3203221330 (base 4) in base 14?
-1a3b76
222010102220 (base 3) to base 10
514266
2411543 (base 7) to base 15
607eb
Convert 320423342 (base 5) to base 12.
5489a3
Convert 106618 (base 14) to base 12.
229566
122561 (base 12) to base 9
488041
11221211001 (base 3) to base 8
276420
943aa (base 11) to base 4
201211220
Convert -101111010101001000 (base 2) to base 6.
-4053304
Convert -352504314 (base 6) to base 12.
-224b09a
Convert b63d (base 14) to base 9.
47075
What is -1029148 (base 11) in base 10?
-1812995
Convert -21200221220 (base 3) to base 7.
-1200663
What is -49213 (base 16) in base 3?
-120012220001
-1211233131 (base 5) to base 6
-140444414
Convert -10011001010000111 (base 2) to base 14.
-20851
Convert 2121654 (base 9) to base 11.
706806
Convert -4440230 (base 7) to base 9.
-1024075
112131 (base 5) to base 10
4041
What is 10000110101100011 (base 2) in base 6?
1251135
What is 3202121213 (base 4) in base 2?
11100010011001100111
Convert -105434565 (base 7) to base 12.
-21a0699
What is 350320 (base 8) in base 9?
201203
1100001001111000 (base 2) to base 16
c278
Convert -491692 (base 10) to base 5.
-111213232
Convert 70378 (base 15) to base 10.
355163
-22001112010 (base 3) to base 9
-261463
60c8a5 (base 15) to base 14
879cad
18c1c9 (base 15) to base 9
2236310
Convert 2367428 (base 9) to base 16.
139af0
Convert 164741 (base 8) to base 3.
10001010112
Convert -da505 (base 16) to base 11.
-560921
What is 2c4a65 (base 13) in base 4?
10023203013
Convert -101100111010001000011101 (base 2) to base 9.
-24132674
20222220000202 (base 3) to base 14
6cacda
Convert -3018022 (base 10) to base 4.
-23200310212
What is 10112100012 (base 4) in base 13?
30b9b8
2121002112 (base 3) to base 4
30132122
-19377 (base 15) to base 11
-564a2
Convert 20002221 (base 3) to base 7.
15661
-80201 (base 9) to base 4
-30312223
What is -92aa4 (base 12) in base 16?
-2ec9c
What is -621090 (base 10) in base 14?
-1224b8
2fb430 (base 16) to base 12
1069268
-200012131 (base 5) to base 15
-106b46
4426684 (base 10) to base 12
15958a4
Convert -1622110 (base 9) to base 10.
-900405
What is 176cc4 (base 13) in base 6?
20323410
Convert 15067015 (base 8) to base 9.
6416327
11332411 (base 5) to base 13
38c54
1110000101110111010010 (base 2) to base 14
6c2318
Convert 12021011221121 (base 3) to base 8.
12532001
What is 44854 (base 9) in base 8?
72241
Convert -176075 (base 8) to base 5.
-4031243
What is -24346357 (base 8) in base 5?
-2333022004
-33541353 (base 9) to base 13
-34a67c9
What is 101100000010101000 (base 2) in base 14?
49a52
-90251 (base 13) to base 3
-111002011022
1513006 (base 11) to base 13
6cb496
1147242 (base 8) to base 11
1a5772
Convert -49a1ac (base 13) to base 10.
-1764502
1509335 (base 10) to base 5
341244320
What is -26384 (base 14) in base 8?
-267460
What is -44213421 (base 5) in base 15?
-7845b
-1142001323 (base 6) to base 9
-26358416
What is -396703 (base 10) in base 14?
-a47dd
What is -503033 (base 8) in base 3?
-22101220001
What is -280593 (base 13) in base 15?
-143029
Convert -12002002122211 (base 3) to base 7.
-31636243
Convert -104011344 (base 5) to base 16.
-6ed56
21814 (base 13) to base 15
12ead
-11100100111111010010 (base 2) to base 10
-937938
-cc097 (base 16) to base 11
-52099a
1833738 (base 10) to base 4
12333230022
Convert 82a09 (base 12) to base 3.
22200021200
Convert 4332245 (base 7) to base 6.
15201125
What is -878784 (base 9) i